0.
4
What is the remainder when 72 is divided by 15?
12
What is the remainder when 39 is divided by 8?
7
What is the remainder when 38 is divided by 31?
7
Calculate the remainder when 1432 is divided by 41.
38
Calculate the remainder when 586 is divided by 190.
16
Calculate the remainder when 390 is divided by 28.
26
Calculate the remainder when 329 is divided by 163.
3
What is the remainder when 94 is divided by 51?
43
Calculate the remainder when 1659 is divided by 10.
9
Calculate the remainder when 564 is divided by 139.
8
What is the remainder when 5882 is divided by 128?
122
Calculate the remainder when 1102 is divided by 69.
67
What is the remainder when 135 is divided by 7?
2
Calculate the remainder when 1087 is divided by 135.
7
What is the remainder when 205 is divided by 23?
21
Calculate the remainder when 304 is divided by 77.
73
Calculate the remainder when 1942 is divided by 60.
22
Calculate the remainder when 380 is divided by 216.
164
What is the remainder when 2859 is divided by 130?
129
Calculate the remainder when 177 is divided by 97.
80
What is the remainder when 303 is divided by 100?
3
Calculate the remainder when 2431 is divided by 399.
37
What is the remainder when 241 is divided by 22?
21
Calculate the remainder when 1136 is divided by 115.
101
What is the remainder when 79 is divided by 50?
29
Calculate the remainder when 5698 is divided by 300.
298
Calculate the remainder when 137 is divided by 94.
43
Calculate the remainder when 286 is divided by 36.
34
Calculate the remainder when 2094 is divided by 70.
64
What is the remainder when 126 is divided by 83?
43
Calculate the remainder when 10821 is divided by 137.
135
Calculate the remainder when 955 is divided by 192.
187
Calculate the remainder when 2833 is divided by 86.
81
What is the remainder when 2987 is divided by 158?
143
Calculate the remainder when 3466 is divided by 230.
16
What is the remainder when 396 is divided by 85?
56
What is the remainder when 166 is divided by 30?
16
What is the remainder when 1313 is divided by 22?
15
What is the remainder when 14 is divided by 12?
2
Calculate the remainder when 11798 is divided by 200.
198
What is the remainder when 2471 is divided by 24?
23
What is the remainder when 122 is divided by 103?
19
What is the remainder when 326 is divided by 47?
44
Calculate the remainder when 5291 is divided by 84.
83
Calculate the remainder when 169 is divided by 35.
29
Calculate the remainder when 66 is divided by 34.
32
Calculate the remainder when 3318 is divided by 12.
6
Calculate the remainder when 432 is divided by 69.
18
What is the remainder when 151 is divided by 51?
49
What is the remainder when 163 is divided by 108?
55
What is the remainder when 5468 is divided by 25?
18
Calculate the remainder when 403 is divided by 137.
129
What is the remainder when 192 is divided by 190?
2
What is the remainder when 976 is divided by 230?
56
What is the remainder when 721 is divided by 29?
25
What is the remainder when 58 is divided by 41?
17
Calculate the remainder when 313 is divided by 302.
11
What is the remainder when 108 is divided by 95?
13
Calculate the remainder when 157 is divided by 40.
37
What is the remainder when 2369 is divided by 88?
81
What is the remainder when 225 is divided by 57?
54
What is the remainder when 2085 is divided by 190?
185
Calculate the remainder when 1579 is divided by 4.
3
Calculate the remainder when 139 is divided by 21.
13
Calculate the remainder when 124 is divided by 69.
55
What is the remainder when 73 is divided by 26?
21
Calculate the remainder when 692 is divided by 26.
16
What is the remainder when 126 is divided by 27?
18
What is the remainder when 1414 is divided by 119?
105
Calculate the remainder when 56 is divided by 30.
26
What is the remainder when 111 is divided by 67?
44
What is the remainder when 6143 is divided by 58?
53
What is the remainder when 542 is divided by 181?
180
Calculate the remainder when 389 is divided by 17.
15
What is the remainder when 387 is divided by 147?
93
Calculate the remainder when 149 is divided by 3.
2
Calculate the remainder when 550 is divided by 92.
90
Calculate the remainder when 242 is divided by 4.
2
Calculate the remainder when 363 is divided by 7.
6
Calculate the remainder when 1036 is divided by 40.
36
What is the remainder when 3348 is divided by 1104?
36
Calculate the remainder when 149 is divided by 47.
8
What is the remainder when 29 is divided by 16?
13
Calculate the remainder when 88 is divided by 47.
41
What is the remainder when 194 is divided by 125?
69
What is the remainder when 259 is divided by 168?
91
Calculate the remainder when 390 is divided by 67.
55
Calculate the remainder when 1537 is divided by 44.
41
What is the remainder when 298 is divided by 35?
18
What is the remainder when 877 is divided by 121?
30
Calculate the remainder when 5241 is divided by 32.
25
What is the remainder when 62 is divided by 3?
2
Calculate the remainder when 38 is divided by 14.
10
Calculate the remainder when 8832 is divided by 121.
120
What is the remainder when 743 is divided by 31?
30
What is the remainder when 77 is divided by 20?
17
Calculate the remainder when 6837 is divided by 120.
117
What is the remainder when 953 is divided by 53?
52
What is the remainder when 122 is divided by 69?
53
What is the remainder when 84 is divided by 22?
18
What is the remainder when 663 is divided by 151?
59
Calculate the remainder when 1394 is divided by 15.
14
What is the remainder when 417 is divided by 51?
9
Calculate the remainder when 1122 is divided by 4.
2
Calculate the remainder when 200 is divided by 104.
96
Calculate the remainder when 598 is divided by 20.
18
Calculate the remainder when 55 is divided by 8.
7
What is the remainder when 372 is divided by 122?
6
Calculate the remainder when 286 is divided by 27.
16
Calculate the remainder when 1426 is divided by 35.
26
Calculate the remainder when 79 is divided by 26.
1
What is the remainder when 145 is divided by 34?
9
What is the remainder when 475 is divided by 71?
49
What is the remainder when 2818 is divided by 317?
282
What is the remainder when 188 is divided by 68?
52
Calculate the remainder when 310 is divided by 24.
22
Calculate the remainder when 7 is divided by 3.
1
Calculate the remainder when 2287 is divided by 16.
15
Calculate the remainder when 252 is divided by 29.
20
Calculate the remainder when 129 is divided by 7.
3
What is the remainder when 273 is divided by 17?
1
What is the remainder when 2496 is divided by 832?
0
Calculate the remainder when 363 is divided by 28.
27
What is the remainder when 799 is divided by 262?
13
Calculate the remainder when 4021 is divided by 115.
111
What is the remainder when 27 is divided by 18?
9
What is the remainder when 550 is divided by 140?
130
What is the remainder when 1437 is divided by 111?
105
What is the remainder when 160 is divided by 29?
15
What is the remainder when 848 is divided by 33?
23
What is the remainder when 4088 is divided by 11?
7
What is the remainder when 6564 is divided by 101?
100
What is the remainder when 862 is divided by 80?
62
What is the remainder when 639 is divided by 32?
31
Calculate the remainder when 307 is divided by 76.
3
Calculate the remainder when 2206 is divided by 47.
44
Calculate the remainder when 757 is divided by 746.
11
What is the remainder when 215 is divided by 44?
39
Calculate the remainder when 411 is divided by 107.
90
Calculate the remainder when 46505 is divided by 69.
68
Calculate the remainder when 272 is divided by 72.
56
What is the remainder when 580 is divided by 86?
64
What is the remainder when 63 is divided by 18?
9
What is the remainder when 128 is divided by 36?
20
Calculate the remainder when 62 is divided by 21.
20
What is the remainder when 7365 is divided by 134?
129
Calculate the remainder when 70 is divided by 36.
34
What is the remainder when 248 is divided by 74?
26
What is the remainder when 111 is divided by 22?
1
Calculate the remainder when 104 is divided by 15.
14
What is the remainder when 242 is divided by 33?
11
Calculate the remainder when 155 is divided by 75.
5
What is the remainder when 5379 is divided by 39?
36
What is the remainder when 2034 is 